4?
14
Let z = -43 - -53. What is the highest common factor of z and 140?
10
Let l = 1 + 21. Calculate the greatest common divisor of 55 and l.
11
Suppose -2*c - 2*j = 66, 0 = 5*c - j + 57 + 120. Let b be 10/c + (-16)/(-7). Let w be (b/(-8))/((-1)/4). What is the greatest common factor of w and 4?
1
Suppose -44 = -5*b + 6. Suppose -4*h = -9*h - 5. Let p be ((-2)/(-6))/(h/(-6)). What is the highest common divisor of p and b?
2
Let i(u) = 16*u. Let k be i(2). Suppose -k = -x - x. What is the greatest common divisor of 128 and x?
16
Let r = 0 - -1. Suppose 5 = 5*k - 20. What is the greatest common divisor of r and k?
1
Let o(x) = -2*x - 5. Let d be o(-7). Suppose 4 = -5*q + 214. Suppose -q = -2*w + 48. Calculate the greatest common factor of d and w.
9
Let a(p) = 4*p + 15. Let k be a(0). Calculate the highest common divisor of k and 15.
15
Suppose 0 = -4*z + 8, -i = -4*i + 4*z + 52. Suppose o - r - 10 - 4 = 0, -3*o = 2*r - 22. Calculate the greatest common factor of o and i.
10
Let g be (5/(-25))/(3 - 138/45). Suppose 139 = 5*m + 34. Calculate the highest common divisor of m and g.
3
Let q(r) = r**2 - 6*r. Let m be q(-5). Suppose -3*v = 2*h - 15, 0 = -h + 5*h. Calculate the highest common divisor of m and v.
5
Let u = -18 + 35. Let y = u - 5. What is the highest common factor of 96 and y?
12
Let v = 37 - 21. Suppose 5*b = 14 + 226. Calculate the greatest common factor of b and v.
16
Let p(z) = -z**2 + 21*z + 49. Let m be p(20). Suppose 5*i = 3*a - 118, 2*a + 4*i = 2*i + 100. Calculate the greatest common factor of a and m.
23
Let y be -16 + 14 - (-14 - 0). Calculate the highest common divisor of 36 and y.
12
Let h be -46*2/(-22) + (-28)/154. Calculate the highest common divisor of h and 10.
2
Suppose -26 = -5*j + 379. What is the highest common divisor of 9 and j?
9
Suppose 3*c - 120 = c. What is the highest common divisor of 12 and c?
12
Let i = -10 + 13. Let a(k) = -k**3 + 4*k**2 + 3. Let p be a(i). Calculate the greatest common factor of p and 84.
12
Let n(u) = 2*u + 15. Let b be n(-10). Let p(g) = g**2 + 8*g + 3. Let w be p(b). Let z be 42/8 - (-3)/w. Calculate the highest common divisor of 5 and z.
5
Suppose 3*s = -5*a + 617, -4*s + 193 - 73 = a. Suppose 3*n - j - a = 0, -2*j = -2*n + j + 78. Calculate the greatest common divisor of n and 105.
21
Let i(s) = 2 + 0*s + 13*s**2 + s**3 + 8 + 5*s. Let v be i(-10). What is the highest common divisor of 26 and v?
26
Let n = 9 - 5. Suppose -5*q + 2*q - n = 4*f, -4*f = 2*q + 8. Suppose q = 4*r - 2*r. Calculate the highest common divisor of 8 and r.
2
Suppose -460 = -5*k - 2*u, -k = -2*u + 3*u - 95. Let y be 1/2 + 38/4. What is the greatest common divisor of k and y?
10
Suppose q - 26 = 6. Calculate the highest common divisor of 352 and q.
32
Let f(g) = -2*g + 1 + 0 + 4*g + 13*g**2. Let m be f(-1). Let n be 6/(-2)*(-3)/3. Calculate the highest common factor of n and m.
3
Let b(n) = 3*n**2 + 2*n - 2. Let k be b(1). Let v be 4 + 40 - (-1 + k). What is the greatest common factor of v and 7?
7
Suppose -9 = -u - 1. Calculate the highest common factor of u and 72.
8
Let j be (18/(-5))/((-2)/10). Let c = 4 + 2. What is the highest common divisor of c and j?
6
Let q = -40 - -82. What is the highest common divisor of 462 and q?
42
Suppose 26 + 10 = 2*d. Calculate the greatest common factor of d and 24.
6
Let l = -72 - -107. Calculate the highest common divisor of 5 and l.
5
Let r(s) = s**3 + 11*s**2 + 22*s + 17. Let m be r(-8). What is the greatest common divisor of 264 and m?
33
Suppose -3*b = -4*a - 60, b - 2*a + 5 = 27. Suppose -4*z + 255 + 193 = 0. What is the highest common divisor of z and b?
16
Let a = 131 + -99. What is the greatest common factor of a and 4?
4
Let o = 1 + 4. Suppose -3*i = o*w - 2 - 9, -5*i = 3*w - 13. Let b be 1/i + 117/6. What is the highest common divisor of 5 and b?
5
Let z be 1 + 0 - 2*-1. Suppose -4*v + 49 = -5*x, 3 = z*v + x + 2*x. Suppose -m = -20 - v. What is the greatest common divisor of m and 13?
13
Suppose -n + 3 + 33 = 4*o, -3*o - 61 = -2*n. Let u be 64/(-6)*(-12)/8. What is the highest common divisor of n and u?
16
Suppose 372 = 10*h - 6*h. Let k = h - -6. Calculate the highest common divisor of k and 11.
11
Suppose 2*c - c = 0. Let u(j) = j - 83. Let t be u(c). Let p = 149 + t. What is the highest common factor of 6 and p?
6
Suppose 3*a = -0*a + 405. Suppose 0*j = 2*j + 12. Let w = 21 + j. Calculate the greatest common factor of a and w.
15
Let o = -3 - -8. Let y be (28/(-5))/(o/(-75)). Calculate the greatest common divisor of y and 21.
21
Let h(j) = j**2 + 6*j + 8. Let n = 3 - 9. Let z be h(n). Calculate the greatest common divisor of 2 and z.
2
Let f(r) = r**2 + 6*r + 1. Let c be f(5). Suppose 2*d - 4 = 2*n, 2 = 2*n + d - 0. Suppose 3*j - 7 - c = n. What is the greatest common divisor of j and 3?
3
Let q be 4 + (155 - (-1 - -4)). Calculate the greatest common factor of q and 39.
39
Suppose -3*r - 140 = -5*r. Suppose -5*k = -5 - r. Calculate the highest common factor of k and 30.
15
Suppose -7 - 5 = 2*k. Let y = -2 - k. What is the highest common divisor of y and 8?
4
Suppose -15 = 5*x + 80. Let p = 1 - x. Suppose 2*g - p - 8 = 0. What is the greatest common divisor of g and 2?
2
Let v = 19 - 1. Calculate the greatest common factor of 45 and v.
9
Suppose -92 = -2*d - 2*q, 113 + 77 = 5*d - 5*q. Calculate the highest common divisor of 126 and d.
42
Suppose 8*n - 15*n + 238 = 0. Calculate the greatest common divisor of 34 and n.
34
Let z(b) = -b**3 + 14*b**2 + 16*b + 7. Let g be z(15). Suppose g - 4 = 3*x. Let t be 1*-5*18/(-15). Calculate the highest common divisor of x and t.
6
Suppose -12*u = -17*u + 850. Calculate the highest common divisor of u and 34.
34
Suppose t = -40 + 152. Suppose 152 = 4*x - t. Let b(j) = 5*j + 1. Let c be b(1). Calculate the greatest common divisor of c and x.
6
Suppose 3*h = 3, 0*d - 116 = -3*d - 2*h. Suppose 22*n - 304 = 6*n. Calculate the highest common divisor of d and n.
19
Let w(o) = -o**3 + 4*o**2 - 4*o + 3. Let j be w(2). Let l = j + 21. Suppose 2*t + l = 5*t. What is the highest common factor of 2 and t?
2
Let f(c) = -2*c - 1. Let h be f(-3). Let d be 6*3/12*30. Calculate the greatest common factor of d and h.
5
Let s be (-2)/4 - ((-339)/6 + 0). Calculate the greatest common divisor of 7 and s.
7
Let c(m) = 19*m - 2. Let n(y) = 38*y - 4. Let x(g) = 9*c(g) - 4*n(g). Let d be x(6). Calculate the greatest common factor of 16 and d.
16
Let s be 24 + -3 + 3/(-3). What is the greatest common factor of s and 8?
4
Suppose -5*v - 57 = -4*o, -5*o = -8*o - 5*v + 69. What is the highest common divisor of 6 and o?
6
Suppose -2*i = -12 - 8. Let p = -30 - -60. Calculate the highest common factor of i and p.
10
Suppose -j + 3*j = 128. Let t be 4/((24/15)/4). Let q = -2 + t. Calculate the greatest common factor of q and j.
8
Let n be (8/(-10))/(1/(-45)). Let y(p) = -p + 15. Suppose a + 4*l = 19, a + 3*l - 15 - 2 = 0. Let q be y(a). Calculate the highest common factor of n and q.
4
Suppose n + 2*n - 108 = 0. Calculate the highest common factor of 9 and n.
9
Let t be (-51 - -2)*(-2 + 2/(-1)). Calculate the highest common divisor of t and 28.
28
Let p(u) = 9*u + 4. Let a be p(2). Calculate the highest common divisor of a and 2.
2
Let a(s) = -s**3 - 16*s**2 + 4. Let c be a(-16). Let m = 8 - 2. Calculate the greatest common factor of m and c.
2
Let n = -26 + 47. Calculate the highest common factor of 147 and n.
21
Suppose -2 = -q, -3*q - 55 = -5*y - 6. Let u = 5 - y. Let i = u + 10. What is the greatest common divisor of i and 12?
4
Let y = 48 + -28. Suppose 0 = -4*v - q + 8, 2*v - 6 = -0*v - q. Suppose 4 = x - v. What is the greatest common divisor of y and x?
5
Let o(g) = 65*g**2 - 6*g + 7. Let z(v) = -5*v + 1 + 1 + 4 + 64*v**2. Let s(q) = -6*o(q) + 7*z(q). Let m be s(-1). What is the highest common factor of m and 19?
19
Suppose 5*m - 30 = 45. Let p be (2 - 34/(-2)) + -4. Calculate the greatest common divisor of p and m.
15
Let n(i) = -13*i**3 - i. Let z be n(-1). Let c(r) = -5*r**3 - 2*r**2 + 2*r. Let a be c(-2). Calculate the greatest common divisor of z and a.
14
Suppose f - 4*f + 18 = 0. Calculate the greatest common factor of 48 and f.
6
Let o(c) = c + 5. Let n be o(-7). Let g be -3 + 2 - -9 - n. What is the highest common divisor of 4 and g?
2